g. Is f a composite number?
True
Let r(m) = -m**2 - 10*m - 11. Let g be r(-11). Let i = 36 - g. Is i prime?
False
Suppose 18*z = 17*z. Suppose z = -4*a + j + 5926, 3*a + 2*j - 4433 = -3*j. Is a a prime number?
True
Suppose 12*b = -4*x + 17*b + 27901, -2*b + 27922 = 4*x. Is x a composite number?
True
Suppose -v = 18 - 2. Is 2/8 - 1/(v/7660) prime?
True
Let a be -4 - 0 - 2*-1. Let o be a/(-5) - (-3672)/45. Let l = 109 + o. Is l composite?
False
Suppose 0*a = -h + 5*a - 8, 0 = 3*h + 3*a - 12. Suppose 2*r = -h*s + s + 155, -4*s + 599 = r. Is s composite?
False
Suppose 3*n - 42258 = 9*n. Let x = n - -10978. Is x composite?
True
Let z be (-4 - (-1)/6) + 2/(-12). Is 83/((-35)/(-75) + z/30) a prime number?
False
Let z(q) = 7882*q + 241. Is z(5) composite?
True
Let m(n) = 4*n - 61. Let t be m(19). Is 21/(-2)*(-4670)/t a prime number?
False
Suppose 4*f - 10 = 10. Let t(g) = 3*g**3 - 6*g**2 + 2*g + 6. Let h be t(f). Suppose 3*i - 206 = h. Is i a prime number?
True
Suppose 4*l = l. Suppose -2*b + 518 = 3*d, -3*d - 3 - 3 = l. Is b prime?
False
Let j be (-1 + 74517/6)*40/30. Let l = j - 11175. Is l composite?
True
Let f = 17643 - -436. Is f a prime number?
False
Let j be 3 + (-2 + (3 - 5) - 29). Is 1116/5 - (48/j)/(-8) a composite number?
False
Let b(m) = -m**3 + 11*m**2 - 17*m - 37. Let y be b(-14). Suppose -3*g + 8*g - 4*f = 6383, 4*g = 5*f + y. Is g a prime number?
True
Suppose 0 = -2*r - 3*r + 1710. Suppose -3*n = v - r - 934, 4*n = v + 1692. Suppose 3*l - n = 4*i - 3*i, 4*i - 735 = -5*l. Is l composite?
True
Let m(b) = 65*b**2 - b - 23. Let y be ((-1)/((-3)/(-21)))/(-3 - -2). Is m(y) a prime number?
False
Let i be 0 + (-1 - -261) - 0. Let w be (2514/(-3))/((-14)/7). Let d = w - i. Is d a prime number?
False
Let b(h) = -3*h - 1. Let p be b(-2). Suppose -p*r = -3*r. Suppose 2*f + k + 5 = 116, -3*f - 5*k + 170 = r. Is f a prime number?
False
Let o be (8/(-10))/(12/(-210)). Is (-2616)/(-7) - 1 - o/(-49) composite?
False
Let b(l) be the third derivative of 0 - 1/2*l**3 - l**2 + 0*l + 0*l**4 + 1/30*l**5 - 2/15*l**6. Is b(-3) a composite number?
True
Let s(k) = 9*k - 41*k - 5 + 0 - 12*k. Is s(-3) composite?
False
Let r = -3 + 3. Suppose -2*g + w = -1 - 14, 4*g - w - 25 = r. Suppose -g*k + 834 = 4*s - 2*s, 2*s + 2*k - 822 = 0. Is s prime?
False
Let g(b) = b**2 - 8*b + 9. Suppose 2*v = -2*v. Suppose -48 = -v*r - 4*r. Is g(r) prime?
False
Let g = -16114 + 29901. Is g prime?
False
Let s = -3653 + 5582. Let a be ((-6)/(-9))/(2/s). Suppose -4*h = -4*j + 868, 2*j + j = 5*h + a. Is j composite?
True
Let m(o) = 154*o**3 - 3*o**2 + 8*o + 16. Is m(3) composite?
True
Let i = 3249 - -1904. Is i a composite number?
False
Suppose 5*l + 5*w = 80, -5*l - 5*w + 59 = -l. Let b = 400 - l. Is b a prime number?
True
Let j(t) be the first derivative of -t**6/120 + t**5/4 + 19*t**4/24 - 3*t**3 + 3*t**2/2 + 5. Let s(m) be the second derivative of j(m). Is s(15) a prime number?
False
Is (5/(-2) + 3)*4322 a composite number?
False
Suppose -5*c + 2*d = 3, -2 = 3*c - 2*d + d. Is (-1 + (c - -3))/((-2)/(-94)) a prime number?
True
Suppose -q - 141 = -2*q. Let m = q + -2. Suppose m = 5*n - 46. Is n prime?
True
Let l(o) = -108*o - 5. Suppose 14*q + 0 = -14. Is l(q) a prime number?
True
Suppose 5568 = 4*c - 316. Is c a composite number?
False
Suppose -4*f = 4523 + 25597. Let k = f + 12063. Is k a prime number?
False
Let r(s) = 7*s**3 + 6*s**2 - 16*s + 23. Is r(12) a prime number?
True
Let j = 23276 + -15777. Is j prime?
True
Let t be 4038/3 - (0 - 3 - -1). Suppose -f = -3*h - t, -6*f + h + 5337 = -2*f. Is f a composite number?
True
Let g be ((-146)/(-219))/((-2)/(-12)*-1). Let v(o) = -o**2 - o - 1. Let a(m) = 8*m**3 + 4*m**2 + 3. Let y(n) = -a(n) + 2*v(n). Is y(g) a prime number?
True
Suppose 5*g - u = u + 35731, 5*g + 2*u = 35739. Suppose -3*n = 1300 - g. Is n a prime number?
True
Suppose -3*u = 2*u. Suppose c - 1 = -0, -4*k + 3*c + 3553 = u. Is k a composite number?
True
Let n(a) = 3700*a**2 + 5*a - 8. Is n(1) composite?
False
Suppose 7*n - 84429 = -25699. Suppose 5*k + 5*k = n. Is k composite?
False
Let c be -138 + 0 + (-3)/(-1). Let f = 400 + c. Is f prime?
False
Let f = 22767 - -10634. Is f prime?
False
Let z(f) = -f**3 - 11*f**2 - 18*f - 7. Let i be z(-12). Suppose x + 116 = i. Is x composite?
True
Suppose 2*s = -0*s. Suppose 0 = 5*q + 5 - 30. Suppose s = -q*c + 2*g - 0*g + 462, -c + 114 = 5*g. Is c composite?
True
Suppose 0*n = 3*n - 45. Suppose 3*z + x + 2*x = 2568, 0 = -5*x + n. Let k = z + -522. Is k prime?
True
Suppose 2*k + 4*a - 28003 = k, 5*k + 2*a = 140087. Is k composite?
False
Let x(b) = b + 5. Let h be x(6). Let p = 25 + 60. Let f = p - h. Is f a prime number?
False
Suppose -5*u + 3530 = 5*v, 3*u = 2*v - 1011 - 406. Is v composite?
True
Suppose z - 16 = -z - 4*w, 5*w = z + 6. Suppose -3*d + z*d + 1996 = 4*g, 1996 = 4*g - 5*d. Suppose -g = -7*f + 6*f. Is f a prime number?
True
Suppose 3*w - 7*w - 20 = 0, -4*w = 5*c. Suppose -3*f = -5*t + 9, -6 = c*f - 4*t - 2. Suppose -5*o = -f*o - 357. Is o prime?
False
Let v(c) = 66*c - 7. Let j(h) = -h**3 + 3*h**2 + 4*h - 5. Let g be j(4). Let x = -2 - g. Is v(x) composite?
False
Suppose a - l = 199, -2*a - l = l - 378. Is a composite?
True
Is 17 + 2056/(-120) + (-462094)/(-30) a prime number?
False
Suppose 3*b + 74 = -271. Let c = b - -197. Is c composite?
True
Let z be (-7120)/(-32) - (-2)/(-4). Let c(l) = -345*l. Let h be c(-1). Let x = h - z. Is x composite?
True
Suppose 7*v = 2*v + 25. Let l(b) = 7*b**2 + b + 5. Is l(v) composite?
True
Let l(u) be the second derivative of -u**5 + u**4/12 - u**3/3 - u**2 - 6*u. Is l(-2) a prime number?
False
Let d(m) = 19*m**3 - 2*m**2 + m - 1. Let r = -12 + 17. Suppose -h - 2 = r*u + 1, 2 = 3*h + 4*u. Is d(h) composite?
True
Let f(w) = w**3 + 8*w**2 + 5*w - 6. Let n be f(-7). Suppose n*a = 3*a + 285. Suppose 0 = 4*g - 7*g + a. Is g prime?
True
Suppose 1717 = -q - 4753. Let k = -3061 - q. Is k composite?
True
Suppose 10 = 5*f - 370. Let d = -51 + f. Is d/9 + 2/9 composite?
False
Let x(o) = -o + 1. Let g be x(-3). Suppose 10 = -g*w + 6*w. Suppose -5*k + 7*v - 2*v = -295, 295 = w*k - 2*v. Is k a prime number?
True
Suppose -j - j - 3*o - 169 = 0, 255 = -3*j - 5*o. Let x = 29 + -30. Let z = x - j. Is z a prime number?
True
Is 2734 + (80/(-4))/4 a prime number?
True
Suppose 6*v = 2*v + 24. Let k(b) = 5*b**3 - 6*b**2 - 9*b + 7. Is k(v) prime?
False
Let i = 38 - -2. Is 278/10 - 1 - i/50 composite?
True
Suppose 19428 = 4*v + 2*n + 1452, v = 2*n + 4499. Suppose 4*d = -1083 + v. Is d prime?
True
Let m(i) = i**2 + 4*i - 4. Let r be m(-6). Let t(n) = -2*n**2 - n**3 + 0*n**3 - 2*n**2 + 2*n + r*n. Is t(-7) composite?
True
Suppose 87*c - 80*c - 466018 = 0. Is c a prime number?
False
Let y(d) = -d**3 - 9*d**2 - 3*d - 4. Let k be 0 + (29 - (2 + 0)). Suppose w = 4*w + k. Is y(w) prime?
True
Suppose w + 3*m - 5 = -3*w, 3*m + 3 = 0. Let b(l) = 3*l**3 + 11*l**w + 9*l**2 - 7*l - 4*l**3 - 19. Is b(18) a composite number?
False
Suppose 44197 = 2*c - 3*f + 2*f, 44182 = 2*c + 4*f. Is c a prime number?
False
Let o(a) = 5*a**2 + 13*a - 2. Let l be o(-3). Suppose -l*v - 3247 = -21*v. Is v a prime number?
True
Is (-60022)/(-10) - (-3)/(-15) - -5 a composite number?
False
Is (4155/(-10))/((-27)/1278) composite?
True
Let i be (-22)/(-4) + 1/(-2). Let k(v) = -v + 5953. Let s be k(0). Suppose z = 3*w - 3571, 4*z - 5*z = -i*w + s. Is w a composite number?
True
Suppose -5*k + 3*j + 31492 = 0, 3*j + 35 = 38. Is k a composite number?
False
Suppose 0 = -n - 3*c + 596, 2*n = 7*n + c - 2938. Is n a prime number?
True
Let i(o) = -12*o - 18. Let t be i(-4). Let w be t/9*3/2. Suppose -668 - 507 = -w*h. Is h a composite number?
True
Suppose -4*f + 0*f = -16128. Suppose 3*p = -2*m - m + f, 2*m = 6. Suppose -p = -2*w - w. Is w a composite number?
True
Let r(m) = -25*m**2 - 2*m + 1. Let i be r(1). Let d be (-1)/(-4)*-1 + 143299/604. Let x = d + i. Is x a prime number?
True
Is (5 - 3)*2/4*8923 composite?
False
Let q(i) = -240*i - 5. Suppose 2*a + u = -12, 2 + 2 = -4*a + 3*u. Is q(a) prime?
False
Suppose -4*d + 121152 = -12092. Is d composite?
False
Suppose -2*c + 1616 = 2*c. Let o = -194 - -413. Let j = c - o. Is j a prime number?
False
Suppose -65*x - 12130 = -75*x. Is x prime?
True
Let r = -1471 + 2978. Suppose 5*j = 3*p - 911, -p - 3*j + r = 4